 104.
104
What is the highest common factor of 710 and 80?
10
Calculate the highest common factor of 34 and 19737.
17
Calculate the highest common factor of 393420 and 166.
166
Calculate the greatest common factor of 315 and 103705.
35
What is the highest common factor of 3182 and 2146?
74
Calculate the highest common divisor of 808 and 2616102.
202
Calculate the greatest common divisor of 2383775 and 50.
25
Calculate the highest common divisor of 34 and 1549057.
17
What is the highest common divisor of 180018 and 54?
18
What is the greatest common factor of 4194 and 2016?
18
What is the highest common divisor of 2896 and 11403?
181
What is the greatest common divisor of 193215 and 165?
165
What is the highest common factor of 2592 and 544?
32
What is the highest common factor of 3186 and 2538?
54
What is the highest common factor of 924 and 594?
66
Calculate the highest common divisor of 84 and 132279.
21
What is the greatest common factor of 5 and 8805?
5
Calculate the greatest common factor of 357 and 48.
3
What is the highest common factor of 30716 and 469?
7
What is the greatest common divisor of 130 and 124940?
10
What is the highest common factor of 51 and 1992553?
17
Calculate the greatest common factor of 5426630 and 110.
110
Calculate the highest common divisor of 146202 and 708.
354
What is the highest common divisor of 176316 and 189?
21
Calculate the greatest common divisor of 39648 and 1770.
354
Calculate the highest common factor of 266596 and 249.
83
What is the greatest common divisor of 43819 and 754?
29
What is the greatest common factor of 13824 and 20952?
216
Calculate the highest common divisor of 3859 and 80131.
227
Calculate the greatest common divisor of 42 and 5148171.
21
Calculate the greatest common factor of 13470 and 186.
6
Calculate the highest common divisor of 161840 and 8680.
280
Calculate the greatest common factor of 6989 and 4579.
241
What is the highest common divisor of 690 and 12273030?
690
What is the highest common divisor of 603 and 260316?
9
Calculate the highest common factor of 286059 and 639.
213
What is the highest common divisor of 99601 and 103?
103
Calculate the highest common factor of 5749 and 7.
1
What is the greatest common divisor of 120555 and 30?
15
Calculate the greatest common factor of 131736 and 1320.
264
Calculate the highest common divisor of 2944 and 90528.
736
Calculate the greatest common divisor of 1473 and 1944851.
491
Calculate the greatest common divisor of 23493 and 246.
123
What is the highest common factor of 317 and 23?
1
Calculate the highest common factor of 26 and 2848144.
26
Calculate the greatest common factor of 24 and 560448.
24
Calculate the highest common factor of 5740 and 24682.
574
What is the highest common factor of 1255 and 1880?
5
Calculate the highest common divisor of 1176 and 81744.
24
Calculate the highest common divisor of 765425 and 2125.
425
What is the highest common divisor of 333 and 45140?
37
Calculate the greatest common divisor of 2 and 173554.
2
Calculate the greatest common factor of 100412 and 52.
52
Calculate the highest common factor of 219022 and 656.
82
Calculate the greatest common factor of 232115 and 13.
13
What is the greatest common divisor of 1178 and 339853?
589
Calculate the greatest common factor of 1007 and 2983.
19
What is the greatest common divisor of 8010 and 6390?
90
What is the greatest common divisor of 16 and 2631?
1
Calculate the greatest common factor of 129190 and 15.
5
Calculate the greatest common divisor of 350 and 177170.
70
What is the highest common factor of 13056 and 1728?
192
What is the highest common factor of 9384 and 16?
8
Calculate the greatest common divisor of 2756 and 41808.
52
What is the highest common factor of 195 and 7335?
15
Calculate the highest common divisor of 95025 and 75.
75
Calculate the highest common factor of 5900 and 13450.
50
What is the greatest common factor of 2412270 and 18?
18
Calculate the greatest common factor of 30898 and 1414.
14
What is the greatest common divisor of 5916 and 136764?
348
Calculate the greatest common factor of 32120 and 275.
55
Calculate the greatest common divisor of 5 and 6242.
1
Calculate the greatest common factor of 272612 and 456.
76
Calculate the highest common divisor of 6521 and 15.
1
What is the highest common divisor of 46940 and 100?
20
Calculate the greatest common divisor of 4030 and 496.
62
Calculate the highest common factor of 138078 and 54.
54
Calculate the highest common divisor of 2755 and 12673.
551
What is the highest common divisor of 882 and 140742?
126
Calculate the greatest common divisor of 64 and 716.
4
What is the highest common divisor of 38031 and 819?
21
What is the greatest common factor of 1458 and 810162?
486
Calculate the greatest common factor of 1572 and 5854128.
1572
What is the highest common factor of 112 and 55804?
28
What is the highest common divisor of 15295 and 120750?
805
Calculate the highest common divisor of 2656 and 44986.
166
What is the highest common factor of 2072 and 1813?
259
What is the greatest common divisor of 1134 and 566946?
54
What is the highest common factor of 2934 and 846?
18
What is the highest common factor of 12685438 and 122?
122
What is the highest common divisor of 22 and 68618?
22
What is the highest common divisor of 356168 and 40?
8
What is the greatest common divisor of 74000 and 70?
10
What is the greatest common factor of 11508 and 151?
1
Calculate the highest common factor of 775862 and 218.
218
Calculate the greatest common divisor of 75540 and 60.
60
Calculate the greatest common divisor of 305022 and 18.
6
What is the highest common factor of 81 and 15579?
27
Calculate the highest common factor of 160 and 53600.
160
Calculate the greatest common divisor of 1422 and 338436.
1422
What is the greatest common factor of 2161915 and 38?
19
Calculate the greatest common divisor of 44454 and 3534.
186
Calculate the greatest common factor of 19983 and 1065.
3
Calculate the greatest common factor of 1702 and 2346.
46
Calculate the highest common divisor of 41 and 10598213.
41
Calculate the greatest common divisor of 303995 and 39165.
1865
Calculate the highest common factor of 502964 and 12012.
308
Calculate the greatest common divisor of 63126 and 1134.
378
Calculate the greatest common factor of 8 and 89052.
4
Calculate the greatest common divisor of 70 and 13533590.
70
Calculate the highest common divisor of 46736 and 690.
46
Calculate the highest common divisor of 6608 and 2576.
112
Calculate the greatest common divisor of 1491 and 20377.
497
Calculate the highest common divisor of 248514 and 131943.
1281
What is the greatest common factor of 46 and 1081?
23
Calculate the highest common factor of 39860 and 4840.
20
Calculate the highest common divisor of 45492 and 60.
12
What is the greatest common divisor of 1030 and 750?
10
Calculate the greatest common divisor of 42308 and 56.
28
Calculate the greatest common factor of 112 and 36596.
28
Calculate the greatest common factor of 36936 and 2166.
114
Calculate the highest common factor of 24 and 2392536.
24
Calculate the highest common factor of 88 and 44143.
11
Calculate the highest common factor of 76 and 2561827.
19
What is the greatest common divisor of 228 and 121752?
228
Calculate the highest common factor of 168 and 129472.
56
Calculate the highest common divisor of 1064 and 41800.
152
What is the greatest common divisor of 8526 and 96918?
174
Calculate the highest common factor of 975 and 400.
25
What is the highest common divisor of 88608 and 91?
13
Calculate the greatest common divisor of 26521 and 77.
11
What is the highest common factor of 8 and 12244?
4
What is the greatest common divisor of 368 and 13524?
92
What is the highest common divisor of 52377 and 1547?
221
What is the greatest common factor of 7552 and 8192?
128
What is the greatest common factor of 290649 and 7667?
697
Calculate the greatest common divisor of 195337 and 35953.
229
What is the greatest common factor of 3866786 and 238?
238
Calculate the highest common factor of 38265 and 60.
15
What is the highest common factor of 3439 and 7421?
181
Calculate the greatest common factor of 292725 and 24719.
1301
What is the greatest common factor of 4